 what is -11360 - 5?
-11365
In base 16, what is 85 - -1?
86
In base 7, what is 0 + 51?
51
In base 8, what is 3461 - 4?
3455
In base 13, what is 4 + -14c?
-148
In base 4, what is 100 - -11?
111
In base 11, what is -1120 + 2?
-1119
In base 4, what is 12 - -2233?
2311
In base 14, what is 5 - -365?
36a
In base 3, what is -2 + -11010?
-11012
In base 9, what is 8 + 235?
244
In base 15, what is 0 - -aeb?
aeb
In base 4, what is -12221 + -10?
-12231
In base 7, what is -3 + -16?
-22
In base 9, what is -45 + -13?
-58
In base 15, what is -5 - 27e?
-284
In base 5, what is -13410 + 4?
-13401
In base 8, what is -252 - -2?
-250
In base 13, what is -1b0 - -3?
-1aa
In base 16, what is a + -3d?
-33
In base 4, what is 20 + 100?
120
In base 5, what is -4 + 330?
321
In base 16, what is 73 + -2?
71
In base 12, what is 1172 + 2?
1174
In base 7, what is -10031 - 2?
-10033
In base 14, what is -1689 - 5?
-1690
In base 9, what is 3 + -133?
-130
In base 15, what is -59 - -128?
be
In base 7, what is 0 + -1445?
-1445
In base 12, what is 0 + 2?
2
In base 3, what is -122121 + -100?
-122221
In base 13, what is 43 + -4?
3c
In base 11, what is -a + -49?
-58
In base 3, what is 2 - -1200?
1202
In base 8, what is -12723 + -5?
-12730
In base 13, what is 8 - -4?
c
In base 2, what is -11011 + 1000100?
101001
In base 10, what is 4 + -1061?
-1057
In base 15, what is -2 - b0?
-b2
In base 14, what is -1 + -10?
-11
In base 9, what is 3 + 574?
577
In base 15, what is c4 - -38?
10c
In base 10, what is 62 + 18?
80
In base 6, what is -10 + -3522?
-3532
In base 15, what is db + -5?
d6
In base 13, what is -675 - -2?
-673
In base 5, what is -13 - 13?
-31
In base 11, what is 19 + 312?
330
In base 6, what is 145 - 14?
131
In base 16, what is -29 + -1?
-2a
In base 6, what is -30 + -1?
-31
In base 15, what is -6 + 139?
133
In base 8, what is 16 - -107?
125
In base 6, what is -203 + -254?
-501
In base 12, what is 0 + -1b?
-1b
In base 12, what is 159 - -2?
15b
In base 12, what is 94 - 70?
24
In base 7, what is -12 + -12?
-24
In base 15, what is -5 - -206?
201
In base 6, what is 402 - -5?
411
In base 10, what is 1 - 22?
-21
In base 9, what is 3 - 564?
-561
In base 10, what is -5 + 55?
50
In base 4, what is -103001 - -23?
-102312
In base 4, what is 3 + 1012?
1021
In base 3, what is -202 - -2?
-200
In base 4, what is 10 + 120112?
120122
In base 7, what is -1222 - -13?
-1206
In base 11, what is -3 - -161?
159
In base 11, what is 7 - 116?
-10a
In base 10, what is -84 - 107?
-191
In base 5, what is -31 + -342?
-423
In base 4, what is -1 - 233?
-300
In base 13, what is -3 - 136a?
-1370
In base 2, what is 11111110111 + 100?
11111111011
In base 2, what is -1 - -101110?
101101
In base 14, what is 3882 - -2?
3884
In base 15, what is 27 + 1?
28
In base 15, what is -22 - 2?
-24
In base 15, what is 4 - -20?
24
In base 3, what is 11 - 1010?
-222
In base 12, what is 1652 - 2?
1650
In base 7, what is 241233 - 3?
241230
In base 9, what is 4 - -2872?
2876
In base 5, what is -103 - -302?
144
In base 7, what is -3 - -122?
116
In base 15, what is 199 - -5?
19e
In base 16, what is 2ed4 + 2?
2ed6
In base 6, what is 310 + -4?
302
In base 7, what is -42 - 1?
-43
In base 9, what is 70 + 1?
71
In base 12, what is 3 - a7?
-a4
In base 16, what is -192c - 4?
-1930
In base 16, what is -3 - -2b?
28
In base 16, what is 4 - -15?
19
In base 7, what is -2 + 645?
643
In base 2, what is 1011 - -101011011?
101100110
In base 16, what is -3 + -2f?
-32
In base 4, what is -10 + 1231102?
1231032
In base 14, what is -4 + b15?
b11
In base 5, what is -242 - -22?
-220
In base 9, what is -580 + 8?
-571
In base 16, what is 112 - -5?
117
In base 14, what is 4 + 106?
10a
In base 9, what is 4 + 138?
143
In base 5, what is 102343 + 10?
102403
In base 2, what is 0 - 100100001?
-100100001
In base 5, what is -211 + -14?
-230
In base 2, what is 10000 + -10101101?
-10011101
In base 5, what is -124 + -1102?
-1231
In base 9, what is 4 - -712?
716
In base 15, what is -1 + -21a?
-21b
In base 4, what is 1 + 1220?
1221
In base 11, what is 136 - 5?
131
In base 2, what is 1 - -111011001?
111011010
In base 16, what is 1a + b?
25
In base 12, what is 5 - -77?
80
In base 14, what is 4 + 130c?
1312
In base 6, what is -42055 - -5?
-42050
In base 12, what is -5 - 38?
-41
In base 4, what is -20022 - 0?
-20022
In base 11, what is -20 + 61a?
5aa
In base 15, what is -213 - 2?
-215
In base 6, what is 131 + -114?
13
In base 6, what is -2434 + 32?
-2402
In base 14, what is -3 + 334?
331
In base 5, what is 2411 + 4?
2420
In base 14, what is -3 - -d85?
d82
In base 8, what is -11 + -4?
-15
In base 14, what is 6b3 + 5?
6b8
In base 5, what is -240130 - 2?
-240132
In base 7, what is 0 + 102?
102
In base 6, what is -5 + 335?
330
In base 4, what is -10 + -11313?
-11323
In base 10, what is -4 + -48?
-52
In base 14, what is -5 - -8?
3
In base 16, what is -3 - -2e?
2b
In base 5, what is 201 + -20?
131
In base 11, what is 20 - 180?
-160
In base 9, what is -28 + 723?
684
In base 2, what is 110 - 10100011?
-10011101
In base 2, what is -100 + 10010100?
10010000
In base 13, what is -2 - -b?
9
In base 2, what is -1000110 + -10101101?
-11110011
In base 15, what is 0 + -40?
-40
In base 7, what is -30 - -34?
4
In base 14, what is 104 - -5?
109
In base 15, what is 5 + -79?
-74
In base 2, what is -1011 + 10111?
1100
In base 3, what is -1 - -112210?
112202
In base 16, what is -13e - -1?
-13d
In base 4, what is -2 - 1330?
-1332
In base 9, what is 3 - 41?
-37
In base 6, what is 5 + 50?
55
In base 13, what is 2b - 1?
2a
In base 13, what is -2 + -30?
-32
In base 9, what is 5 - -2608?
2614
In base 2, what is -1 - -10011111?
10011110
In base 13, what is -1a1 - 0?
-1a1
In base 14, what is 0 + 396?
396
In base 7, what is -541 - 0?
-541
In base 3, what is 21000 - 211?
20012
In base 8, what is 1 + 437?
440
In base 7, what is 2 - -63?
65
In base 14, what is 0 + -225?
-225
In base 11, what is -22a6 + 4?
-22a2
In base 14, what is -49 + 2?
-47
In base 2, what is -101 + -1100110000?
-1100110101
In base 8, what is 15 + 24?
41
In base 9, what is 1547 + -2?
1545
In base 5, what is -100 - -33?
-12
In base 13, what is -3b29 + -2?
-3b2b
In base 16, what is -28e - 5?
-293
In base 12, what is 61 + -b?
52
In base 6, what is -503 + -22?
-525
In base 12, what is -5 - 2b0?
-2b5
In base 10, what is -2603 + -3?
-2606
In base 7, what is -35 - 15?
-53
In base 2, what is -101 + -10001101?
-10010010
In base 4, what is 3 + -1?
2
In base 14, what is -157 + 3?
-154
In base 4, what is 10303 - 2?
10301
In base 11, what is -9651 - 1?
-9652
In base 3, what is 20201 + 0?
20201
In base 15, what is 2b - 18?
13
In base 15, what is a + 2?
c
In base 6, what is -3 - -22?
15
In base 15, what is -2 + -23ae?
-23b1
In base 7, what is -5316 + -3?
-5322
In base 4, what is 11 - 300?
-223
In base 10, what is 10540 + 0?
10540
In base 2, what is -100 - 111001110?
-111010010
In base 4, what is 2 + -103?
-101
In base 3, what is 101122 - 110?
101012
In base 12, what is -4 + 28?
24
In base 7, what is -534 + -3?
-540
In base 14, what is -23 + d?
-14
In base 5, what is 141 - 21?
120
In base 9, what is -8 - -5?
-3
In base 7, what is -1 + -1145?
-1146
In base 14, what is 3 + -446?
-443
In base 11, what is 5850 + -4?
5847
In base 3, what is 221 - -220?
1211
In base 15, what is -cc + 9?
-c3
In base 6, what is -2 - -14020?
14014
In base 2, what is 100001000 + -10?
100000110
In base 6, what is 150 + -1505?
-1315
In base 13, what is 111 - 1?
110
In base 10, what is -276 - 4?
-280
In base 15, what is 2 + 1218?
121a
In base 15, what is 5 + -5a?
-55
In base 5, what is -2 - -300?
243
In base 8, what is -2704 + 5?
-2677
In base 11, what is -2a7 - 3?
-2aa
In base 15, what is 4 - -32?
36
In base 10, what is -10 - 16?
-26
In base 7, what is 131 + 4?
135
In base 10, what is -9 + 213?
204
In base 7, what is -4 + -104?
-111
In base 4, what is -3 + 10212?
10203
In base 2, what is 1100 + 1111?
11011
In base 11, what is 87 - -99?
175
In base 9, what is -1 + 18?
17
In base 4, what is -1 - 1233?
-1300
In base 3, what is 1000201 + -10?
1000121
In base 16, what is 2 - -3?
5
In base 2, what is 10101100100 - 0?
10101100100
In base 9, what is 3 + -107?
-104
In base 5, what is -141 + 100?
-41
In base 7, what is 104 - -215?
322
In base 7, what is -124444 - 4?
-124451
In base 6, what is -33 -